 is the remainder when 31 is divided by 17?
14
What is the remainder when 22149 is divided by 156?
153
Calculate the remainder when 72 is divided by 25.
22
Calculate the remainder when 14949 is divided by 89.
86
What is the remainder when 182 is divided by 46?
44
What is the remainder when 4025 is divided by 11?
10
Calculate the remainder when 6785 is divided by 31.
27
Calculate the remainder when 138 is divided by 30.
18
Calculate the remainder when 5981 is divided by 8.
5
What is the remainder when 81 is divided by 4?
1
What is the remainder when 1714 is divided by 78?
76
Calculate the remainder when 534 is divided by 66.
6
What is the remainder when 305 is divided by 54?
35
Calculate the remainder when 45 is divided by 8.
5
What is the remainder when 1449 is divided by 10?
9
Calculate the remainder when 7574 is divided by 15.
14
Calculate the remainder when 1578 is divided by 80.
58
What is the remainder when 5 is divided by 1?
0
Calculate the remainder when 3211 is divided by 535.
1
Calculate the remainder when 1217 is divided by 76.
1
Calculate the remainder when 2416 is divided by 59.
56
What is the remainder when 19283 is divided by 35?
33
What is the remainder when 1072 is divided by 151?
15
What is the remainder when 726 is divided by 106?
90
Calculate the remainder when 357 is divided by 92.
81
What is the remainder when 37251 is divided by 139?
138
Calculate the remainder when 250 is divided by 64.
58
Calculate the remainder when 1983 is divided by 71.
66
Calculate the remainder when 535 is divided by 195.
145
Calculate the remainder when 369 is divided by 80.
49
Calculate the remainder when 1990 is divided by 87.
76
What is the remainder when 316 is divided by 57?
31
Calculate the remainder when 7407 is divided by 34.
29
Calculate the remainder when 709 is divided by 8.
5
Calculate the remainder when 717 is divided by 148.
125
What is the remainder when 256 is divided by 49?
11
What is the remainder when 120 is divided by 8?
0
What is the remainder when 141 is divided by 22?
9
What is the remainder when 1604 is divided by 70?
64
What is the remainder when 36 is divided by 2?
0
Calculate the remainder when 56 is divided by 44.
12
What is the remainder when 1093 is divided by 360?
13
What is the remainder when 712 is divided by 102?
100
Calculate the remainder when 13498 is divided by 250.
248
Calculate the remainder when 744 is divided by 14.
2
What is the remainder when 788 is divided by 264?
260
What is the remainder when 711 is divided by 230?
21
Calculate the remainder when 438 is divided by 11.
9
Calculate the remainder when 3873 is divided by 26.
25
Calculate the remainder when 535 is divided by 77.
73
What is the remainder when 88 is divided by 15?
13
What is the remainder when 418 is divided by 110?
88
Calculate the remainder when 34184 is divided by 17.
14
Calculate the remainder when 5041 is divided by 2509.
23
What is the remainder when 166 is divided by 67?
32
Calculate the remainder when 183 is divided by 56.
15
What is the remainder when 1213 is divided by 19?
16
What is the remainder when 519 is divided by 130?
129
Calculate the remainder when 1627 is divided by 148.
147
Calculate the remainder when 78 is divided by 27.
24
What is the remainder when 7750 is divided by 18?
10
What is the remainder when 513 is divided by 102?
3
Calculate the remainder when 319 is divided by 10.
9
What is the remainder when 7824 is divided by 25?
24
Calculate the remainder when 588 is divided by 2.
0
Calculate the remainder when 135 is divided by 46.
43
Calculate the remainder when 322 is divided by 81.
79
What is the remainder when 154 is divided by 53?
48
What is the remainder when 188 is divided by 3?
2
Calculate the remainder when 1670 is divided by 44.
42
Calculate the remainder when 101 is divided by 90.
11
What is the remainder when 175 is divided by 82?
11
What is the remainder when 412 is divided by 69?
67
What is the remainder when 1308 is divided by 435?
3
What is the remainder when 694 is divided by 104?
70
What is the remainder when 91 is divided by 19?
15
What is the remainder when 179 is divided by 58?
5
What is the remainder when 238 is divided by 12?
10
What is the remainder when 465 is divided by 12?
9
Calculate the remainder when 160 is divided by 90.
70
What is the remainder when 535 is divided by 11?
7
What is the remainder when 354 is divided by 5?
4
Calculate the remainder when 345 is divided by 4.
1
What is the remainder when 361 is divided by 149?
63
What is the remainder when 39 is divided by 6?
3
What is the remainder when 2015 is divided by 342?
305
What is the remainder when 2948 is divided by 732?
20
What is the remainder when 38 is divided by 21?
17
Calculate the remainder when 3214 is divided by 535.
4
Calculate the remainder when 521 is divided by 17.
11
What is the remainder when 1884 is divided by 51?
48
Calculate the remainder when 777 is divided by 13.
10
What is the remainder when 28418 is divided by 406?
404
Calculate the remainder when 1498 is divided by 57.
16
What is the remainder when 320 is divided by 157?
6
What is the remainder when 313 is divided by 63?
61
Calculate the remainder when 1671 is divided by 170.
141
What is the remainder when 2972 is divided by 48?
44
Calculate the remainder when 403 is divided by 136.
131
What is the remainder when 3733 is divided by 129?
121
What is the remainder when 179 is divided by 14?
11
Calculate the remainder when 168 is divided by 72.
24
What is the remainder when 326 is divided by 30?
26
Calculate the remainder when 1112 is divided by 25.
12
What is the remainder when 57 is divided by 15?
12
Calculate the remainder when 656 is divided by 96.
80
What is the remainder when 86 is divided by 48?
38
Calculate the remainder when 191 is divided by 60.
11
Calculate the remainder when 172 is divided by 29.
27
Calculate the remainder when 17 is divided by 7.
3
What is the remainder when 83 is divided by 34?
15
Calculate the remainder when 607 is divided by 44.
35
What is the remainder when 65 is divided by 18?
11
What is the remainder when 1571 is divided by 175?
171
Calculate the remainder when 224 is divided by 61.
41
What is the remainder when 571 is divided by 48?
43
Calculate the remainder when 6398 is divided by 50.
48
What is the remainder when 69 is divided by 6?
3
Calculate the remainder when 241 is divided by 18.
7
What is the remainder when 211 is divided by 43?
39
What is the remainder when 577 is divided by 116?
113
What is the remainder when 235 is divided by 233?
2
Calculate the remainder when 1488 is divided by 177.
72
Calculate the remainder when 2464 is divided by 55.
44
What is the remainder when 18 is divided by 4?
2
What is the remainder when 686 is divided by 28?
14
What is the remainder when 1017 is divided by 338?
3
What is the remainder when 272 is divided by 79?
35
What is the remainder when 1427 is divided by 537?
353
What is the remainder when 306 is divided by 28?
26
Calculate the remainder when 209 is divided by 106.
103
What is the remainder when 749 is divided by 3?
2
Calculate the remainder when 113 is divided by 6.
5
What is the remainder when 189 is divided by 38?
37
What is the remainder when 266 is divided by 137?
129
Calculate the remainder when 253 is divided by 53.
41
Calculate the remainder when 4 is divided by 1.
0
Calculate the remainder when 77 is divided by 18.
5
What is the remainder when 13237 is divided by 10?
7
Calculate the remainder when 160 is divided by 23.
22
What is the remainder when 155 is divided by 80?
75
Calculate the remainder when 1604 is divided by 89.
2
What is the remainder when 119 is divided by 38?
5
Calculate the remainder when 145 is divided by 49.
47
Calculate the remainder when 1532 is divided by 7.
6
Calculate the remainder when 107 is divided by 85.
22
Calculate the remainder when 24022 is divided by 154.
152
Calculate the remainder when 269 is divided by 31.
21
Calculate the remainder when 1901 is divided by 11.
9
Calculate the remainder when 104 is divided by 44.
16
Calculate the remainder when 1430 is divided by 26.
0
Calculate the remainder when 135 is divided by 82.
53
What is the remainder when 6890 is divided by 113?
110
What is the remainder when 582 is divided by 10?
2
What i